{"id":4517,"date":"2026-01-22T10:44:20","date_gmt":"2026-01-22T09:44:20","guid":{"rendered":"https:\/\/www.larbredeleveil.org\/lademeuresanslimites\/?post_type=tribe_events&#038;p=4517"},"modified":"2026-01-22T10:44:20","modified_gmt":"2026-01-22T09:44:20","slug":"retraite-jardin-17-au-19-avril-preparation-des-sols","status":"publish","type":"tribe_events","link":"https:\/\/www.larbredeleveil.org\/lademeuresanslimites\/le-programme\/retraite-jardin-17-au-19-avril-preparation-des-sols\/","title":{"rendered":"Retraite Jardin &#8211; 17 au 19 Avril &#8211; Pr\u00e9paration des sols"},"content":{"rendered":"<div>Le week-end\u00a0du 17 au 19 avril, nous organisons la premi\u00e8re retraite du jardin de l&#8217;ann\u00e9e.<\/div>\n<div>Ensemble et en silence, nous ouvrons et pr\u00e9parons le sol de notre potager.<\/div>\n<div>Les activit\u00e9s\u00a0principales seront le\u00a0grelinage et l&#8217;apport du fumier, compost et de la chaux.<\/div>\n<div><\/div>\n<div>\n<div><i>Le jardinage comme pratique un travail noble comme tous les samus au Temple, que vous faites pour vous, pour la Sangha, pour tous les \u00eatres.<\/i><\/p>\n<p>Venez nombreux avec le c\u0153ur joyeux !<\/p>\n<p>Paul Gyokuzan<\/p><\/div>\n<\/div>\n","protected":false},"excerpt":{"rendered":"<p>Le week-end\u00a0du 17 au 19 avril, nous organisons la premi\u00e8re retraite du jardin de l&#8217;ann\u00e9e. Ensemble et en silence, nous ouvrons et pr\u00e9parons le sol de notre potager. Les activit\u00e9s\u00a0principales seront le\u00a0grelinage et l&#8217;apport du&hellip;<\/p>\n","protected":false},"author":3,"featured_media":2171,"comment_status":"closed","ping_status":"closed","template":"","meta":{"_tribe_events_status":"","_tribe_events_status_reason":"","footnotes":""},"tags":[],"tribe_events_cat":[24],"class_list":["post-4517","tribe_events","type-tribe_events","status-publish","has-post-thumbnail","hentry","tribe_events_cat-retraite","cat_retraite"],"yoast_head":"<!-- This site is optimized with the Yoast SEO plugin v26.8 - https:\/\/yoast.com\/product\/yoast-seo-wordpress\/ -->\n<title>Retraite Jardin - 17 au 19 Avril - Pr\u00e9paration des sols - La Demeure sans Limites<\/title>\n<meta name=\"description\" content=\"Le week-end\u00a0du 17 au 19 avril, nous organisons la premi\u00e8re retraite du jardin de l&#039;ann\u00e9e. Ensemble et en silence, nous ouvrons et pr\u00e9parons le sol de Temple Bouddhiste Zen, Saint-Agr\u00e8ve en Ard\u00e8che\" \/>\n<meta name=\"robots\" content=\"index, follow, max-snippet:-1, max-image-preview:large, max-video-preview:-1\" \/>\n<link rel=\"canonical\" href=\"https:\/\/www.larbredeleveil.org\/lademeuresanslimites\/le-programme\/retraite-jardin-17-au-19-avril-preparation-des-sols\/\" \/>\n<meta property=\"og:locale\" content=\"fr_FR\" \/>\n<meta property=\"og:type\" content=\"article\" \/>\n<meta property=\"og:title\" content=\"Retraite Jardin - 17 au 19 Avril - Pr\u00e9paration des sols - La Demeure sans Limites\" \/>\n<meta property=\"og:description\" content=\"Le week-end\u00a0du 17 au 19 avril, nous organisons la premi\u00e8re retraite du jardin de l&#039;ann\u00e9e. Ensemble et en silence, nous ouvrons et pr\u00e9parons le sol de Temple Bouddhiste Zen, Saint-Agr\u00e8ve en Ard\u00e8che\" \/>\n<meta property=\"og:url\" content=\"https:\/\/www.larbredeleveil.org\/lademeuresanslimites\/le-programme\/retraite-jardin-17-au-19-avril-preparation-des-sols\/\" \/>\n<meta property=\"og:site_name\" content=\"La Demeure sans Limites\" \/>\n<meta property=\"article:publisher\" content=\"https:\/\/www.facebook.com\/Lademeuresanslimites\/\" \/>\n<meta property=\"og:image\" content=\"https:\/\/www.larbredeleveil.org\/lademeuresanslimites\/wp-content\/uploads\/2021\/02\/img-0987.jpg\" \/>\n\t<meta property=\"og:image:width\" content=\"1600\" \/>\n\t<meta property=\"og:image:height\" content=\"2400\" \/>\n\t<meta property=\"og:image:type\" content=\"image\/jpeg\" \/>\n<meta name=\"twitter:card\" content=\"summary_large_image\" \/>\n<meta name=\"twitter:label1\" content=\"Dur\u00e9e de lecture estim\u00e9e\" \/>\n\t<meta name=\"twitter:data1\" content=\"1 minute\" \/>\n<script type=\"application\/ld+json\" class=\"yoast-schema-graph\">{\"@context\":\"https:\/\/schema.org\",\"@graph\":[{\"@type\":\"WebPage\",\"@id\":\"https:\/\/www.larbredeleveil.org\/lademeuresanslimites\/le-programme\/retraite-jardin-17-au-19-avril-preparation-des-sols\/\",\"url\":\"https:\/\/www.larbredeleveil.org\/lademeuresanslimites\/le-programme\/retraite-jardin-17-au-19-avril-preparation-des-sols\/\",\"name\":\"Retraite Jardin - 17 au 19 Avril - Pr\u00e9paration des sols - La Demeure sans Limites\",\"isPartOf\":{\"@id\":\"https:\/\/www.larbredeleveil.org\/lademeuresanslimites\/#website\"},\"primaryImageOfPage\":{\"@id\":\"https:\/\/www.larbredeleveil.org\/lademeuresanslimites\/le-programme\/retraite-jardin-17-au-19-avril-preparation-des-sols\/#primaryimage\"},\"image\":{\"@id\":\"https:\/\/www.larbredeleveil.org\/lademeuresanslimites\/le-programme\/retraite-jardin-17-au-19-avril-preparation-des-sols\/#primaryimage\"},\"thumbnailUrl\":\"https:\/\/www.larbredeleveil.org\/lademeuresanslimites\/wp-content\/uploads\/2021\/02\/img-0987.jpg\",\"datePublished\":\"2026-01-22T09:44:20+00:00\",\"description\":\"Le week-end\u00a0du 17 au 19 avril, nous organisons la premi\u00e8re retraite du jardin de l'ann\u00e9e. Ensemble et en silence, nous ouvrons et pr\u00e9parons le sol de Temple Bouddhiste Zen, Saint-Agr\u00e8ve en Ard\u00e8che\",\"breadcrumb\":{\"@id\":\"https:\/\/www.larbredeleveil.org\/lademeuresanslimites\/le-programme\/retraite-jardin-17-au-19-avril-preparation-des-sols\/#breadcrumb\"},\"inLanguage\":\"fr-FR\",\"potentialAction\":[{\"@type\":\"ReadAction\",\"target\":[\"https:\/\/www.larbredeleveil.org\/lademeuresanslimites\/le-programme\/retraite-jardin-17-au-19-avril-preparation-des-sols\/\"]}]},{\"@type\":\"ImageObject\",\"inLanguage\":\"fr-FR\",\"@id\":\"https:\/\/www.larbredeleveil.org\/lademeuresanslimites\/le-programme\/retraite-jardin-17-au-19-avril-preparation-des-sols\/#primaryimage\",\"url\":\"https:\/\/www.larbredeleveil.org\/lademeuresanslimites\/wp-content\/uploads\/2021\/02\/img-0987.jpg\",\"contentUrl\":\"https:\/\/www.larbredeleveil.org\/lademeuresanslimites\/wp-content\/uploads\/2021\/02\/img-0987.jpg\",\"width\":1600,\"height\":2400},{\"@type\":\"BreadcrumbList\",\"@id\":\"https:\/\/www.larbredeleveil.org\/lademeuresanslimites\/le-programme\/retraite-jardin-17-au-19-avril-preparation-des-sols\/#breadcrumb\",\"itemListElement\":[{\"@type\":\"ListItem\",\"position\":1,\"name\":\"Accueil\",\"item\":\"https:\/\/www.larbredeleveil.org\/lademeuresanslimites\/\"},{\"@type\":\"ListItem\",\"position\":2,\"name\":\"\u00c9v\u00e8nements\",\"item\":\"https:\/\/www.larbredeleveil.org\/lademeuresanslimites\/programmes-de-la-demeure-sans-limites\/\"},{\"@type\":\"ListItem\",\"position\":3,\"name\":\"Retraite Jardin &#8211; 17 au 19 Avril &#8211; Pr\u00e9paration des sols\"}]},{\"@type\":\"WebSite\",\"@id\":\"https:\/\/www.larbredeleveil.org\/lademeuresanslimites\/#website\",\"url\":\"https:\/\/www.larbredeleveil.org\/lademeuresanslimites\/\",\"name\":\"La Demeure sans Limites\",\"description\":\"Temple Bouddhiste Zen, Saint-Agr\u00e8ve en Ard\u00e8che\",\"potentialAction\":[{\"@type\":\"SearchAction\",\"target\":{\"@type\":\"EntryPoint\",\"urlTemplate\":\"https:\/\/www.larbredeleveil.org\/lademeuresanslimites\/?s={search_term_string}\"},\"query-input\":{\"@type\":\"PropertyValueSpecification\",\"valueRequired\":true,\"valueName\":\"search_term_string\"}}],\"inLanguage\":\"fr-FR\"}]}<\/script>\n<!-- \/ Yoast SEO plugin. -->","yoast_head_json":{"title":"Retraite Jardin - 17 au 19 Avril - Pr\u00e9paration des sols - La Demeure sans Limites","description":"Le week-end\u00a0du 17 au 19 avril, nous organisons la premi\u00e8re retraite du jardin de l'ann\u00e9e. Ensemble et en silence, nous ouvrons et pr\u00e9parons le sol de Temple Bouddhiste Zen, Saint-Agr\u00e8ve en Ard\u00e8che","robots":{"index":"index","follow":"follow","max-snippet":"max-snippet:-1","max-image-preview":"max-image-preview:large","max-video-preview":"max-video-preview:-1"},"canonical":"https:\/\/www.larbredeleveil.org\/lademeuresanslimites\/le-programme\/retraite-jardin-17-au-19-avril-preparation-des-sols\/","og_locale":"fr_FR","og_type":"article","og_title":"Retraite Jardin - 17 au 19 Avril - Pr\u00e9paration des sols - La Demeure sans Limites","og_description":"Le week-end\u00a0du 17 au 19 avril, nous organisons la premi\u00e8re retraite du jardin de l'ann\u00e9e. Ensemble et en silence, nous ouvrons et pr\u00e9parons le sol de Temple Bouddhiste Zen, Saint-Agr\u00e8ve en Ard\u00e8che","og_url":"https:\/\/www.larbredeleveil.org\/lademeuresanslimites\/le-programme\/retraite-jardin-17-au-19-avril-preparation-des-sols\/","og_site_name":"La Demeure sans Limites","article_publisher":"https:\/\/www.facebook.com\/Lademeuresanslimites\/","og_image":[{"width":1600,"height":2400,"url":"https:\/\/www.larbredeleveil.org\/lademeuresanslimites\/wp-content\/uploads\/2021\/02\/img-0987.jpg","type":"image\/jpeg"}],"twitter_card":"summary_large_image","twitter_misc":{"Dur\u00e9e de lecture estim\u00e9e":"1 minute"},"schema":{"@context":"https:\/\/schema.org","@graph":[{"@type":"WebPage","@id":"https:\/\/www.larbredeleveil.org\/lademeuresanslimites\/le-programme\/retraite-jardin-17-au-19-avril-preparation-des-sols\/","url":"https:\/\/www.larbredeleveil.org\/lademeuresanslimites\/le-programme\/retraite-jardin-17-au-19-avril-preparation-des-sols\/","name":"Retraite Jardin - 17 au 19 Avril - Pr\u00e9paration des sols - La Demeure sans Limites","isPartOf":{"@id":"https:\/\/www.larbredeleveil.org\/lademeuresanslimites\/#website"},"primaryImageOfPage":{"@id":"https:\/\/www.larbredeleveil.org\/lademeuresanslimites\/le-programme\/retraite-jardin-17-au-19-avril-preparation-des-sols\/#primaryimage"},"image":{"@id":"https:\/\/www.larbredeleveil.org\/lademeuresanslimites\/le-programme\/retraite-jardin-17-au-19-avril-preparation-des-sols\/#primaryimage"},"thumbnailUrl":"https:\/\/www.larbredeleveil.org\/lademeuresanslimites\/wp-content\/uploads\/2021\/02\/img-0987.jpg","datePublished":"2026-01-22T09:44:20+00:00","description":"Le week-end\u00a0du 17 au 19 avril, nous organisons la premi\u00e8re retraite du jardin de l'ann\u00e9e. Ensemble et en silence, nous ouvrons et pr\u00e9parons le sol de Temple Bouddhiste Zen, Saint-Agr\u00e8ve en Ard\u00e8che","breadcrumb":{"@id":"https:\/\/www.larbredeleveil.org\/lademeuresanslimites\/le-programme\/retraite-jardin-17-au-19-avril-preparation-des-sols\/#breadcrumb"},"inLanguage":"fr-FR","potentialAction":[{"@type":"ReadAction","target":["https:\/\/www.larbredeleveil.org\/lademeuresanslimites\/le-programme\/retraite-jardin-17-au-19-avril-preparation-des-sols\/"]}]},{"@type":"ImageObject","inLanguage":"fr-FR","@id":"https:\/\/www.larbredeleveil.org\/lademeuresanslimites\/le-programme\/retraite-jardin-17-au-19-avril-preparation-des-sols\/#primaryimage","url":"https:\/\/www.larbredeleveil.org\/lademeuresanslimites\/wp-content\/uploads\/2021\/02\/img-0987.jpg","contentUrl":"https:\/\/www.larbredeleveil.org\/lademeuresanslimites\/wp-content\/uploads\/2021\/02\/img-0987.jpg","width":1600,"height":2400},{"@type":"BreadcrumbList","@id":"https:\/\/www.larbredeleveil.org\/lademeuresanslimites\/le-programme\/retraite-jardin-17-au-19-avril-preparation-des-sols\/#breadcrumb","itemListElement":[{"@type":"ListItem","position":1,"name":"Accueil","item":"https:\/\/www.larbredeleveil.org\/lademeuresanslimites\/"},{"@type":"ListItem","position":2,"name":"\u00c9v\u00e8nements","item":"https:\/\/www.larbredeleveil.org\/lademeuresanslimites\/programmes-de-la-demeure-sans-limites\/"},{"@type":"ListItem","position":3,"name":"Retraite Jardin &#8211; 17 au 19 Avril &#8211; Pr\u00e9paration des sols"}]},{"@type":"WebSite","@id":"https:\/\/www.larbredeleveil.org\/lademeuresanslimites\/#website","url":"https:\/\/www.larbredeleveil.org\/lademeuresanslimites\/","name":"La Demeure sans Limites","description":"Temple Bouddhiste Zen, Saint-Agr\u00e8ve en Ard\u00e8che","potentialAction":[{"@type":"SearchAction","target":{"@type":"EntryPoint","urlTemplate":"https:\/\/www.larbredeleveil.org\/lademeuresanslimites\/?s={search_term_string}"},"query-input":{"@type":"PropertyValueSpecification","valueRequired":true,"valueName":"search_term_string"}}],"inLanguage":"fr-FR"}]}},"_links":{"self":[{"href":"https:\/\/www.larbredeleveil.org\/lademeuresanslimites\/wp-json\/wp\/v2\/tribe_events\/4517","targetHints":{"allow":["GET"]}}],"collection":[{"href":"https:\/\/www.larbredeleveil.org\/lademeuresanslimites\/wp-json\/wp\/v2\/tribe_events"}],"about":[{"href":"https:\/\/www.larbredeleveil.org\/lademeuresanslimites\/wp-json\/wp\/v2\/types\/tribe_events"}],"author":[{"embeddable":true,"href":"https:\/\/www.larbredeleveil.org\/lademeuresanslimites\/wp-json\/wp\/v2\/users\/3"}],"replies":[{"embeddable":true,"href":"https:\/\/www.larbredeleveil.org\/lademeuresanslimites\/wp-json\/wp\/v2\/comments?post=4517"}],"version-history":[{"count":2,"href":"https:\/\/www.larbredeleveil.org\/lademeuresanslimites\/wp-json\/wp\/v2\/tribe_events\/4517\/revisions"}],"predecessor-version":[{"id":4530,"href":"https:\/\/www.larbredeleveil.org\/lademeuresanslimites\/wp-json\/wp\/v2\/tribe_events\/4517\/revisions\/4530"}],"wp:featuredmedia":[{"embeddable":true,"href":"https:\/\/www.larbredeleveil.org\/lademeuresanslimites\/wp-json\/wp\/v2\/media\/2171"}],"wp:attachment":[{"href":"https:\/\/www.larbredeleveil.org\/lademeuresanslimites\/wp-json\/wp\/v2\/media?parent=4517"}],"wp:term":[{"taxonomy":"post_tag","embeddable":true,"href":"https:\/\/www.larbredeleveil.org\/lademeuresanslimites\/wp-json\/wp\/v2\/tags?post=4517"},{"taxonomy":"tribe_events_cat","embeddable":true,"href":"https:\/\/www.larbredeleveil.org\/lademeuresanslimites\/wp-json\/wp\/v2\/tribe_events_cat?post=4517"}],"curies":[{"name":"wp","href":"https:\/\/api.w.org\/{rel}","templated":true}]}}

Retraite Jardin &#8211; 17 au 19 Avril &#8211; Préparation des sols

<div>Le week-end du 17 au 19 avril, nous organisons la première retraite du jardin de l&#8217;année.</div>
<div>Ensemble et en silence, nous ouvrons et préparons le sol de notre potager.</div>
<div>Les activités principales seront le grelinage et l&#8217;apport du fumier, compost et de la chaux.</div>
<div></div>
<div>
<div><i>Le jardinage comme pratique un travail noble comme tous les samus au Temple, que vous faites pour vous, pour la Sangha, pour tous les êtres.</i></p>
<p>Venez nombreux avec le cœur joyeux !</p>
<p>Paul Gyokuzan</p></div>
</div>

<p>Le week-end du 17 au 19 avril, nous organisons la première retraite du jardin de l&#8217;année. Ensemble et en silence, nous ouvrons et préparons le sol de notre potager. Les activités principales seront le grelinage et l&#8217;apport du&hellip;</p>

<!-- This site is optimized with the Yoast SEO plugin v26.8 - https://yoast.com/product/yoast-seo-wordpress/ -->
<title>Retraite Jardin - 17 au 19 Avril - Préparation des sols - La Demeure sans Limites</title>
<meta name="description" content="Le week-end du 17 au 19 avril, nous organisons la première retraite du jardin de l&#039;année. Ensemble et en silence, nous ouvrons et préparons le sol de Temple Bouddhiste Zen, Saint-Agrève en Ardèche" />
<meta name="robots" content="index, follow, max-snippet:-1, max-image-preview:large, max-video-preview:-1" />
<link rel="canonical" href="https://www.larbredeleveil.org/lademeuresanslimites/le-programme/retraite-jardin-17-au-19-avril-preparation-des-sols/" />
<meta property="og:locale" content="fr_FR" />
<meta property="og:type" content="article" />
<meta property="og:title" content="Retraite Jardin - 17 au 19 Avril - Préparation des sols - La Demeure sans Limites" />
<meta property="og:description" content="Le week-end du 17 au 19 avril, nous organisons la première retraite du jardin de l&#039;année. Ensemble et en silence, nous ouvrons et préparons le sol de Temple Bouddhiste Zen, Saint-Agrève en Ardèche" />
<meta property="og:url" content="https://www.larbredeleveil.org/lademeuresanslimites/le-programme/retraite-jardin-17-au-19-avril-preparation-des-sols/" />
<meta property="og:site_name" content="La Demeure sans Limites" />
<meta property="article:publisher" content="https://www.facebook.com/Lademeuresanslimites/" />
<meta property="og:image" content="https://www.larbredeleveil.org/lademeuresanslimites/wp-content/uploads/2021/02/img-0987.jpg" />
	<meta property="og:image:width" content="1600" />
	<meta property="og:image:height" content="2400" />
	<meta property="og:image:type" content="image/jpeg" />
<meta name="twitter:card" content="summary_large_image" />
<meta name="twitter:label1" content="Durée de lecture estimée" />
	<meta name="twitter:data1" content="1 minute" />
<script type="application/ld+json" class="yoast-schema-graph">{"@context":"https://schema.org","@graph":[{"@type":"WebPage","@id":"https://www.larbredeleveil.org/lademeuresanslimites/le-programme/retraite-jardin-17-au-19-avril-preparation-des-sols/","url":"https://www.larbredeleveil.org/lademeuresanslimites/le-programme/retraite-jardin-17-au-19-avril-preparation-des-sols/","name":"Retraite Jardin - 17 au 19 Avril - Préparation des sols - La Demeure sans Limites","isPartOf":{"@id":"https://www.larbredeleveil.org/lademeuresanslimites/#website"},"primaryImageOfPage":{"@id":"https://www.larbredeleveil.org/lademeuresanslimites/le-programme/retraite-jardin-17-au-19-avril-preparation-des-sols/#primaryimage"},"image":{"@id":"https://www.larbredeleveil.org/lademeuresanslimites/le-programme/retraite-jardin-17-au-19-avril-preparation-des-sols/#primaryimage"},"thumbnailUrl":"https://www.larbredeleveil.org/lademeuresanslimites/wp-content/uploads/2021/02/img-0987.jpg","datePublished":"2026-01-22T09:44:20+00:00","description":"Le week-end du 17 au 19 avril, nous organisons la première retraite du jardin de l'année. Ensemble et en silence, nous ouvrons et préparons le sol de Temple Bouddhiste Zen, Saint-Agrève en Ardèche","breadcrumb":{"@id":"https://www.larbredeleveil.org/lademeuresanslimites/le-programme/retraite-jardin-17-au-19-avril-preparation-des-sols/#breadcrumb"},"inLanguage":"fr-FR","potentialAction":[{"@type":"ReadAction","target":["https://www.larbredeleveil.org/lademeuresanslimites/le-programme/retraite-jardin-17-au-19-avril-preparation-des-sols/"]}]},{"@type":"ImageObject","inLanguage":"fr-FR","@id":"https://www.larbredeleveil.org/lademeuresanslimites/le-programme/retraite-jardin-17-au-19-avril-preparation-des-sols/#primaryimage","url":"https://www.larbredeleveil.org/lademeuresanslimites/wp-content/uploads/2021/02/img-0987.jpg","contentUrl":"https://www.larbredeleveil.org/lademeuresanslimites/wp-content/uploads/2021/02/img-0987.jpg","width":1600,"height":2400},{"@type":"BreadcrumbList","@id":"https://www.larbredeleveil.org/lademeuresanslimites/le-programme/retraite-jardin-17-au-19-avril-preparation-des-sols/#breadcrumb","itemListElement":[{"@type":"ListItem","position":1,"name":"Accueil","item":"https://www.larbredeleveil.org/lademeuresanslimites/"},{"@type":"ListItem","position":2,"name":"Évènements","item":"https://www.larbredeleveil.org/lademeuresanslimites/programmes-de-la-demeure-sans-limites/"},{"@type":"ListItem","position":3,"name":"Retraite Jardin &#8211; 17 au 19 Avril &#8211; Préparation des sols"}]},{"@type":"WebSite","@id":"https://www.larbredeleveil.org/lademeuresanslimites/#website","url":"https://www.larbredeleveil.org/lademeuresanslimites/","name":"La Demeure sans Limites","description":"Temple Bouddhiste Zen, Saint-Agrève en Ardèche","potentialAction":[{"@type":"SearchAction","target":{"@type":"EntryPoint","urlTemplate":"https://www.larbredeleveil.org/lademeuresanslimites/?s={search_term_string}"},"query-input":{"@type":"PropertyValueSpecification","valueRequired":true,"valueName":"search_term_string"}}],"inLanguage":"fr-FR"}]}</script>
<!-- / Yoast SEO plugin. -->

Retraite Jardin - 17 au 19 Avril - Préparation des sols - La Demeure sans Limites

Le week-end du 17 au 19 avril, nous organisons la première retraite du jardin de l'année. Ensemble et en silence, nous ouvrons et préparons le sol de Temple Bouddhiste Zen, Saint-Agrève en Ardèche

Évènements

Temple Bouddhiste Zen, Saint-Agrève en Ardèche
